{"id":423,"date":"2019-02-10T02:46:25","date_gmt":"2019-02-10T01:46:25","guid":{"rendered":"http:\/\/www.lemonskin.net\/sventrax\/?page_id=423"},"modified":"2021-08-18T03:52:45","modified_gmt":"2021-08-18T01:52:45","slug":"faq","status":"publish","type":"page","link":"https:\/\/www.lemonskin.net\/sventrax\/faq\/","title":{"rendered":"Come? Perch\u00e9?"},"content":{"rendered":"\n<p>Tutte le immagini che troverete su questo sito le ho create ex novo.<\/p>\n\n\n\n<p>L\u2019idea originaria era di raccogliere i meme pi\u00f9 divertenti che mi capitavano sotto mano e buttarli su cos\u00ec com\u2019erano. Erano per\u00f2 quasi tutti di pessima qualit\u00e0, compressi e ricompressi a forza di passare di mano in mano attraverso quei siti e pagine Facebook che li localizzano e personalizzano.<\/p>\n\n\n\n<p>Ho quindi deciso di dedicare un po\u2019 del mio tempo a ognuno di loro, traducendoli in italiano quando possibile oppure rifacendoli completamente con estetica migliorata.<\/p>\n\n\n\n<h3 class=\"wp-block-heading\">Faccio prima con un esempio<\/h3>\n\n\n\n<p>Prendiamo questa freddura. \u00c9 di una stupidit\u00e0 inaudita ma mi fa sempre ridere come un cretino:<\/p>\n\n\n\n<div class=\"wp-block-image\"><figure class=\"aligncenter\"><img loading=\"lazy\" decoding=\"async\" width=\"168\" height=\"166\" src=\"https:\/\/www.lemonskin.net\/sventrax\/wp-content\/uploads\/2019\/02\/FAQ_Lido_originale.jpg\" alt=\"\" class=\"wp-image-424\"\/><\/figure><\/div>\n\n\n\n<p>Proviamo a migliorarla.<\/p>\n\n\n\n<p>Il primo problema \u00e8 che \u00e8 microscopica, appena 168&#215;166 pixel. Certo, ci sono anche versioni pi\u00f9 grandi ma tutte hanno in comune una qualit\u00e0 davvero infima:<\/p>\n\n\n\n<div class=\"wp-block-image\"><figure class=\"aligncenter\"><img loading=\"lazy\" decoding=\"async\" width=\"800\" height=\"536\" src=\"https:\/\/www.lemonskin.net\/sventrax\/wp-content\/uploads\/2019\/02\/FAQ_Zoom_originale.jpg\" alt=\"\" class=\"wp-image-432\" srcset=\"https:\/\/www.lemonskin.net\/sventrax\/wp-content\/uploads\/2019\/02\/FAQ_Zoom_originale.jpg 800w, https:\/\/www.lemonskin.net\/sventrax\/wp-content\/uploads\/2019\/02\/FAQ_Zoom_originale-300x201.jpg 300w, https:\/\/www.lemonskin.net\/sventrax\/wp-content\/uploads\/2019\/02\/FAQ_Zoom_originale-768x515.jpg 768w\" sizes=\"(max-width: 800px) 100vw, 800px\" \/><\/figure><\/div>\n\n\n\n<p>Gli artefatti da compressione JPEG sono pi\u00f9 che evidenti, qui non si pu\u00f2 salvare nulla.<\/p>\n\n\n\n<p>Comincia la fase di ricerca, ovvero trovare nei meandri di Internet la foto originale della ragazza in questione. Generalmente, cercando informazioni su un meme, si reperiscono utili informazioni, ma non \u00e8 questo il caso.<\/p>\n\n\n\n<p>Anche Google Immagini \u00e8 di scarso aiuto perch\u00e9, ovviamente, restituisce una valanga di versioni pi\u00f9 o meno simili del meme, che non servono a nulla. Per farla breve ho isolato il volto della tizia e provato a cercare dettagli pi\u00f9 circoscritti. E guarda un po&#8217;&#8230;<\/p>\n\n\n\n<div class=\"wp-block-image\"><figure class=\"aligncenter\"><img loading=\"lazy\" decoding=\"async\" width=\"400\" height=\"266\" src=\"https:\/\/www.lemonskin.net\/sventrax\/wp-content\/uploads\/2019\/02\/FAQ_Asian_girl.jpg\" alt=\"\" class=\"wp-image-425\" srcset=\"https:\/\/www.lemonskin.net\/sventrax\/wp-content\/uploads\/2019\/02\/FAQ_Asian_girl.jpg 400w, https:\/\/www.lemonskin.net\/sventrax\/wp-content\/uploads\/2019\/02\/FAQ_Asian_girl-300x200.jpg 300w\" sizes=\"(max-width: 400px) 100vw, 400px\" \/><\/figure><\/div>\n\n\n\n<p>Bene, trovata. Si tratta di una risoluzione di 400 x 266 pixel, quindi ancora piccolissima ma, in mancanza di alternative, me la far\u00f2 andare bene.<\/p>\n\n\n\n<p>Stesso discorso per la spiaggia, eccola qui:<\/p>\n\n\n\n<div class=\"wp-block-image\"><figure class=\"aligncenter\"><img loading=\"lazy\" decoding=\"async\" width=\"730\" height=\"548\" src=\"https:\/\/www.lemonskin.net\/sventrax\/wp-content\/uploads\/2019\/02\/FAQ_Lido.jpg\" alt=\"\" class=\"wp-image-426\" srcset=\"https:\/\/www.lemonskin.net\/sventrax\/wp-content\/uploads\/2019\/02\/FAQ_Lido.jpg 730w, https:\/\/www.lemonskin.net\/sventrax\/wp-content\/uploads\/2019\/02\/FAQ_Lido-300x225.jpg 300w\" sizes=\"(max-width: 730px) 100vw, 730px\" \/><\/figure><\/div>\n\n\n\n<p>Pessima qualit\u00e0 anche lei, ma me ne far\u00f2 una ragione.<\/p>\n\n\n\n<p>Ora occorre ritagliare la ragazza e appiccicarla sul lido. <\/p>\n\n\n\n<div class=\"wp-block-image\"><figure class=\"aligncenter\"><img loading=\"lazy\" decoding=\"async\" width=\"730\" height=\"468\" src=\"https:\/\/www.lemonskin.net\/sventrax\/wp-content\/uploads\/2019\/02\/FAQ_Composing.jpg\" alt=\"\" class=\"wp-image-427\" srcset=\"https:\/\/www.lemonskin.net\/sventrax\/wp-content\/uploads\/2019\/02\/FAQ_Composing.jpg 730w, https:\/\/www.lemonskin.net\/sventrax\/wp-content\/uploads\/2019\/02\/FAQ_Composing-300x192.jpg 300w\" sizes=\"(max-width: 730px) 100vw, 730px\" \/><\/figure><\/div>\n\n\n\n<p>Siccome non stiamo creando immagini professionali non \u00e8 necessario effettuare una selezione certosina. Due colpi di accetta e poi sistemer\u00f2 gli spigoli in un secondo momento.<\/p>\n\n\n\n<div class=\"wp-block-image\"><figure class=\"aligncenter\"><img loading=\"lazy\" decoding=\"async\" width=\"730\" height=\"365\" src=\"https:\/\/www.lemonskin.net\/sventrax\/wp-content\/uploads\/2019\/02\/FAQ_Editing.jpg\" alt=\"\" class=\"wp-image-428\" srcset=\"https:\/\/www.lemonskin.net\/sventrax\/wp-content\/uploads\/2019\/02\/FAQ_Editing.jpg 730w, https:\/\/www.lemonskin.net\/sventrax\/wp-content\/uploads\/2019\/02\/FAQ_Editing-300x150.jpg 300w\" sizes=\"(max-width: 730px) 100vw, 730px\" \/><\/figure><\/div>\n\n\n\n<p>Ok, \u00e8 il momento dell&#8217;editing vero e proprio. Allineo le foto, sistemo i colori e correggo un po&#8217; i particolari pi\u00f9 spartani, come i capelli, che sono l&#8217;elemento pi\u00f9 ostico e irritante di ogni fotoritocco.<\/p>\n\n\n\n<p>Nel caso specifico li ho ricreati digitalmente. Non sono perfetti ma pi\u00f9 che sufficienti allo scopo.<\/p>\n\n\n\n<div class=\"wp-block-image\"><figure class=\"aligncenter\"><img loading=\"lazy\" decoding=\"async\" width=\"730\" height=\"730\" src=\"https:\/\/www.lemonskin.net\/sventrax\/wp-content\/uploads\/2019\/02\/FAQ_Titoling.jpg\" alt=\"\" class=\"wp-image-429\" srcset=\"https:\/\/www.lemonskin.net\/sventrax\/wp-content\/uploads\/2019\/02\/FAQ_Titoling.jpg 730w, https:\/\/www.lemonskin.net\/sventrax\/wp-content\/uploads\/2019\/02\/FAQ_Titoling-150x150.jpg 150w, https:\/\/www.lemonskin.net\/sventrax\/wp-content\/uploads\/2019\/02\/FAQ_Titoling-300x300.jpg 300w\" sizes=\"(max-width: 730px) 100vw, 730px\" \/><\/figure><\/div>\n\n\n\n<p>Inseririamo il testo&#8230;<\/p>\n\n\n\n<div class=\"wp-block-image\"><figure class=\"aligncenter\"><img loading=\"lazy\" decoding=\"async\" width=\"730\" height=\"730\" src=\"https:\/\/www.lemonskin.net\/sventrax\/wp-content\/uploads\/2019\/02\/FAQ_Finished.jpg\" alt=\"\" class=\"wp-image-430\" srcset=\"https:\/\/www.lemonskin.net\/sventrax\/wp-content\/uploads\/2019\/02\/FAQ_Finished.jpg 730w, https:\/\/www.lemonskin.net\/sventrax\/wp-content\/uploads\/2019\/02\/FAQ_Finished-150x150.jpg 150w, https:\/\/www.lemonskin.net\/sventrax\/wp-content\/uploads\/2019\/02\/FAQ_Finished-300x300.jpg 300w\" sizes=\"(max-width: 730px) 100vw, 730px\" \/><\/figure><\/div>\n\n\n\n<p>Et voil\u00e0, <a rel=\"noreferrer noopener\" aria-label=\"progetto terminato (opens in a new tab)\" href=\"https:\/\/www.lemonskin.net\/sventrax\/2019\/02\/08\/lido\/\" target=\"_blank\">progetto terminato<\/a>. Nel riquadro piccolo il meme originale nelle sue originali dimensioni.<\/p>\n\n\n\n<p>Naturalmente non tutti i post del sito raggiungono una cos\u00ec elevata complessit\u00e0, per\u00f2 ognuno di loro ha ricevuto la sua generosa dose di attenzioni.<\/p>\n","protected":false},"excerpt":{"rendered":"<p>Tutte le immagini che troverete su questo sito le ho create ex novo. L\u2019idea originaria era di raccogliere i meme pi\u00f9 divertenti che mi capitavano sotto mano e buttarli su cos\u00ec com\u2019erano. Erano per\u00f2 quasi tutti di pessima qualit\u00e0, compressi e ricompressi a forza di passare di mano in mano attraverso quei siti e pagine&hellip; <\/p>\n","protected":false},"author":1,"featured_media":0,"parent":0,"menu_order":2,"comment_status":"closed","ping_status":"closed","template":"","meta":{"jetpack_post_was_ever_published":false,"footnotes":""},"jetpack_sharing_enabled":true,"jetpack_shortlink":"https:\/\/wp.me\/PaHzqp-6P","_links":{"self":[{"href":"https:\/\/www.lemonskin.net\/sventrax\/wp-json\/wp\/v2\/pages\/423"}],"collection":[{"href":"https:\/\/www.lemonskin.net\/sventrax\/wp-json\/wp\/v2\/pages"}],"about":[{"href":"https:\/\/www.lemonskin.net\/sventrax\/wp-json\/wp\/v2\/types\/page"}],"author":[{"embeddable":true,"href":"https:\/\/www.lemonskin.net\/sventrax\/wp-json\/wp\/v2\/users\/1"}],"replies":[{"embeddable":true,"href":"https:\/\/www.lemonskin.net\/sventrax\/wp-json\/wp\/v2\/comments?post=423"}],"version-history":[{"count":35,"href":"https:\/\/www.lemonskin.net\/sventrax\/wp-json\/wp\/v2\/pages\/423\/revisions"}],"predecessor-version":[{"id":1108,"href":"https:\/\/www.lemonskin.net\/sventrax\/wp-json\/wp\/v2\/pages\/423\/revisions\/1108"}],"wp:attachment":[{"href":"https:\/\/www.lemonskin.net\/sventrax\/wp-json\/wp\/v2\/media?parent=423"}],"curies":[{"name":"wp","href":"https:\/\/api.w.org\/{rel}","templated":true}]}}